 2938767?
89
Calculate the remainder when 217685 is divided by 368.
197
Calculate the remainder when 424956 is divided by 16314.
792
Calculate the remainder when 1194163 is divided by 1194114.
49
What is the remainder when 34550 is divided by 1600?
950
What is the remainder when 19084 is divided by 729?
130
What is the remainder when 314264 is divided by 156055?
2154
Calculate the remainder when 7771582 is divided by 74015.
7
What is the remainder when 39828573 is divided by 24?
21
Calculate the remainder when 84751 is divided by 4028.
163
What is the remainder when 233292 is divided by 740?
192
Calculate the remainder when 30509588 is divided by 9.
2
What is the remainder when 2133528 is divided by 533373?
36
What is the remainder when 173420 is divided by 2629?
2535
What is the remainder when 318844 is divided by 1687?
1
Calculate the remainder when 3068382 is divided by 130.
122
What is the remainder when 5778 is divided by 1767?
477
Calculate the remainder when 38492 is divided by 2149.
1959
Calculate the remainder when 1059910 is divided by 17.
11
Calculate the remainder when 291699 is divided by 32383.
252
Calculate the remainder when 20657605 is divided by 2582200.
5
What is the remainder when 612441 is divided by 612365?
76
Calculate the remainder when 34371455 is divided by 17185713.
29
What is the remainder when 1224051 is divided by 303?
234
Calculate the remainder when 11486 is divided by 1021.
255
What is the remainder when 40038 is divided by 302?
174
Calculate the remainder when 21292967 is divided by 8741.
8632
What is the remainder when 184957 is divided by 2993?
2384
What is the remainder when 1244865 is divided by 171?
156
Calculate the remainder when 421784 is divided by 2481.
14
Calculate the remainder when 24562 is divided by 1020.
82
Calculate the remainder when 297884 is divided by 148867.
150
Calculate the remainder when 5875 is divided by 998.
885
What is the remainder when 22700211 is divided by 301?
296
What is the remainder when 728057 is divided by 17245?
3767
Calculate the remainder when 1307756 is divided by 25.
6
Calculate the remainder when 434978 is divided by 3596.
3458
What is the remainder when 12439012 is divided by 8?
4
Calculate the remainder when 48561163 is divided by 484.
475
What is the remainder when 12298 is divided by 1366?
4
What is the remainder when 77452547 is divided by 158?
157
Calculate the remainder when 5277640 is divided by 22.
16
What is the remainder when 50640367 is divided by 11?
8
What is the remainder when 1012539 is divided by 42188?
27
Calculate the remainder when 254851316 is divided by 7329.
7328
What is the remainder when 205958 is divided by 29391?
221
What is the remainder when 161035553 is divided by 22?
19
What is the remainder when 1465005 is divided by 9702?
3
Calculate the remainder when 81082 is divided by 80878.
204
Calculate the remainder when 10307339 is divided by 3435767.
38
Calculate the remainder when 10551481 is divided by 18.
7
Calculate the remainder when 88053293 is divided by 6773330.
3
Calculate the remainder when 687366 is divided by 139.
11
Calculate the remainder when 17188 is divided by 17092.
96
What is the remainder when 325343758 is divided by 871?
870
Calculate the remainder when 19430156 is divided by 1069.
12
What is the remainder when 77676 is divided by 1355?
441
Calculate the remainder when 31276059 is divided by 27975.
9
Calculate the remainder when 3264332 is divided by 76.
56
Calculate the remainder when 1130640 is divided by 94.
8
Calculate the remainder when 248845 is divided by 1295.
205
Calculate the remainder when 22105371 is divided by 76.
11
What is the remainder when 449657 is divided by 4368?
4121
Calculate the remainder when 23759733 is divided by 948.
9
Calculate the remainder when 202008015 is divided by 1688.
1679
What is the remainder when 35868703 is divided by 32?
31
Calculate the remainder when 4440839 is divided by 2081.
2066
Calculate the remainder when 46262 is divided by 237.
47
What is the remainder when 6146377 is divided by 3073171?
35
What is the remainder when 578562 is divided by 115694?
92
Calculate the remainder when 42801418 is divided by 3244.
82
What is the remainder when 16419699 is divided by 605?
604
Calculate the remainder when 4403732 is divided by 702.
86
What is the remainder when 52405862 is divided by 55?
47
Calculate the remainder when 12045227 is divided by 7044.
7031
Calculate the remainder when 3049956 is divided by 440.
316
Calculate the remainder when 661430 is divided by 137.
131
What is the remainder when 72356860 is divided by 288?
28
Calculate the remainder when 19264539 is divided by 6421509.
12
Calculate the remainder when 9472 is divided by 1578.
4
Calculate the remainder when 31436177 is divided by 988.
981
What is the remainder when 203567 is divided by 468?
455
What is the remainder when 2390832 is divided by 4725?
4707
What is the remainder when 384139139 is divided by 2948?
2947
What is the remainder when 784578 is divided by 78445?
128
What is the remainder when 87442771 is divided by 1433488?
3
What is the remainder when 729992 is divided by 96?
8
What is the remainder when 89961 is divided by 5819?
2676
Calculate the remainder when 15271304 is divided by 55.
4
Calculate the remainder when 49569175 is divided by 101.
92
Calculate the remainder when 16544089 is divided by 141.
136
Calculate the remainder when 12426377 is divided by 80.
57
Calculate the remainder when 4515 is divided by 2797.
1718
What is the remainder when 902152 is divided by 128876?
20
Calculate the remainder when 48428 is divided by 3435.
338
What is the remainder when 55391046 is divided by 5539103?
16
Calculate the remainder when 94461 is divided by 1782.
15
Calculate the remainder when 8965830 is divided by 597722.
0
Calculate the remainder when 12060507 is divided by 5377.
5273
What is the remainder when 6146822 is divided by 1523?
1517
Calculate the remainder when 243480 is divided by 60853.
68
Calculate the remainder when 462438 is divided by 115600.
38
What is the remainder when 111403 is divided by 1614?
37
Calculate the remainder when 441042546 is divided by 650.
646
Calculate the remainder when 426067 is divided by 141999.
70
What is the remainder when 452446 is divided by 113107?
18
What is the remainder when 3801983 is divided by 4996?
27
Calculate the remainder when 40843 is divided by 2266.
55
Calculate the remainder when 162938 is divided by 278.
30
What is the remainder when 265483 is divided by 59?
42
Calculate the remainder when 150063 is divided by 49964.
171
Calculate the remainder when 36077 is divided by 3792.
1949
Calculate the remainder when 528435 is divided by 234.
63
Calculate the remainder when 99101 is divided by 45.
11
Calculate the remainder when 1614541 is divided by 107628.
121
What is the remainder when 1388020 is divided by 177?
163
What is the remainder when 394137 is divided by 374?
315
What is the remainder when 379522 is divided by 34305?
2167
Calculate the remainder when 821198 is divided by 2972.
926
What is the remainder when 2893405349 is divided by 150?
149
What is the remainder when 58522408 is divided by 12?
4
What is the remainder when 1737890 is divided by 49?
7
Calculate the remainder when 120118074 is divided by 79.
75
What is the remainder when 82093536 is divided by 3963?
3954
What is the remainder when 2682367363 is divided by 265?
263
What is the remainder when 20389484 is divided by 135?
29
Calculate the remainder when 118458 is divided by 5917.
118
What is the remainder when 111645322 is divided by 37215087?
61
What is the remainder when 253783 is divided by 84512?
247
What is the remainder when 10058712 is divided by 279407?
60
What is the remainder when 6089977 is divided by 761244?
25
What is the remainder when 34080 is divided by 3472?
2832
Calculate the remainder when 142909343 is divided by 623.
619
Calculate the remainder when 574483 is divided by 219.
46
What is the remainder when 189327075 is divided by 148?
147
What is the remainder when 4441504 is divided by 126?
4
Calculate the remainder when 5640511 is divided by 40579.
30
Calculate the remainder when 699959 is divided by 76.
75
What is the remainder when 49513413 is divided by 553?
5
Wha